 = -n(z) - 10*o(z). Calculate b(-1).
4
Let i(g) = 3*g - 3. Let a be i(2). Suppose 17 = x - 2*b, x + 34 = a*x + b. Let r = -10 + x. Let q(p) = -p + 12. Determine q(r).
5
Let u(z) = 2*z**2 - 90*z - 2438. Let b be u(-19). Let x(n) = -13*n - 9. Determine x(b).
69
Let s(i) be the second derivative of -i**4/12 + 11*i**3/6 + 11*i**2/2 - 1113*i. What is s(11)?
11
Let h(m) = -325*m**2 + 328*m**2 + 24*m - 2*m**2 - 7. Determine h(-24).
-7
Let m(u) be the second derivative of 1/20*u**5 - 5/12*u**4 + 0 + 2*u**2 + 5*u + 1/3*u**3. Let y = 14 + -10. Determine m(y).
-4
Suppose 3*w + u - 4 = 0, 5*w - 77*u = -75*u - 8. Let z(d) = d**3 - 2*d**2 + 2*d + 5. Determine z(w).
5
Let v = 1 - 5. Let b(s) be the third derivative of -1/24*s**4 - 7/6*s**3 + 0*s - 3 - 17*s**2. Calculate b(v).
-3
Let h(r) be the first derivative of r**3/3 - 3*r**2 - 6*r + 306. Give h(6).
-6
Let d(m) be the third derivative of -m**6/720 + m**5/12 - 3*m**4/8 - m**3/6 - 5*m**2 - 2*m. Let r(i) be the second derivative of d(i). Calculate r(4).
6
Let f(b) be the second derivative of b**5/20 + b**4/2 + b**3/6 - 8*b**2 - 129*b. Calculate f(-5).
4
Let v(l) = -l**2 - 3*l**2 - 3*l**3 + 4*l**3 + 4 + l**2 - l. Let y be v(3). Let p be (5 + y)/((-11)/11). Let w(g) = g - 5. What is w(p)?
-11
Let z be (5 - 4 - -1)*-31. Let m = z - 18. Let j = -85 - m. Let a(o) = -o**2 - 3*o + 7. Give a(j).
-3
Let w(n) = n**2 - 6*n + 12. Suppose -3*f - 4*q + 75 = -23, -f - 5*q = -51. Suppose -3*r - 11 = -f. Give w(r).
7
Let p(z) be the third derivative of -z**4/2 + 31*z**3/6 - 3909*z**2. Determine p(-5).
91
Let i(k) = 2*k + 1. Let g be (-2 + 1 + -235)/(-2). Let q = g - 98. Suppose -4*a = -q + 8. What is i(a)?
7
Let h(a) be the first derivative of -a**6/180 - 7*a**5/120 - a**4/6 + 73*a**3/3 - 110. Let i(b) be the third derivative of h(b). Give i(-4).
-8
Let d(z) = -1 + z**2 - 9*z + 3 - 7*z - 1 - 6. Suppose -4*n = -80 + 16. Let p be d(n). Let k(b) = -b + 1. Calculate k(p).
6
Let y(q) be the first derivative of -q**4/4 + 8*q**3/3 - 2*q**2 - 16*q - 2150. Give y(8).
-48
Let p(m) = -7*m**2 - 19*m - 300. Let c(u) = -13*u**2 - 29*u - 601. Let h(d) = 6*c(d) - 11*p(d). Calculate h(18).
0
Let m(r) = r**3 + 12*r**2 + 37*r + 172. Let t be m(-10). Let q(u) = 15*u**2 + 7*u - 11. What is q(t)?
63
Let c(p) = -p**3 + p**2 + 6*p + 2. Let m be c(3). Let q(a) = 165*a - 340*a + 0*a**2 - 7 - a**m + 168*a. Give q(-4).
5
Let o(g) = -g. Let q be 34/9 - (-11 - 679/(-63)). Suppose 0 = -q*w + 345 - 353. What is o(w)?
2
Let v be (-4)/(-14) - 10/(-14). Let j(y) = 2*y**2 - 6*y - 7. Let l be j(4). Let q(f) = -2*f + l + v + 5*f - 2*f. Give q(-1).
1
Let f(j) = 79*j**2 + 3*j - 13. Let x(g) be the third derivative of 19*g**5/60 + g**4/24 - g**3/2 + 2*g**2 + 14. Let t(p) = 2*f(p) - 9*x(p). Calculate t(2).
-57
Let z(x) be the third derivative of 5/6*x**3 + 0*x + 0 + 24*x**2 + 5/24*x**4 + 1/30*x**5. Calculate z(-3).
8
Let s(t) = t**2 + 5*t + 6. Let n = 434 + -433. Let g be 6/(((-21)/14)/n). Give s(g).
2
Suppose 9*i + 117 = 4*b + 4*i, -5*i + 147 = 4*b. Suppose -2*j - 3*u = -18, 4*j - b - 3 = -2*u. Let n(g) = -g + 9. Give n(j).
0
Let u(o) = 2*o**3 + 6*o**2 - 9*o - 12. Let d(h) = 2*h**3 - 17*h**2 - 49*h + 184. Let k be d(10). Determine u(k).
-174
Let b(l) = -l**2 - l + 25. Let n be (83/(-2))/(12/72). Let t = n - -249. Give b(t).
25
Let l(i) = 3*i - 6. Let j(f) = f + 20. Let y be j(10). Let u = 38 - y. Suppose -6*c - 11 = -4*k - 3*c, k + c = u. Determine l(k).
9
Let s(n) be the third derivative of n**4/6 + 19*n**3/2 + 2*n**2 + 128*n + 5. Calculate s(-15).
-3
Suppose 5*a + 596 = 626. Suppose a*d - 3 - 9 = 0. Let s(v) = -4*v + 3. Determine s(d).
-5
Let h(g) be the second derivative of g**4/12 + 17*g**3/6 + 3*g**2/2 + 1185*g. Calculate h(-17).
3
Let s(u) = -6*u**2 - 5*u - 1. Let t(r) = r**3 - r**2 + r + 1. Let v(d) = s(d) - t(d). Let k = -25 - -21. Give v(k).
6
Suppose 46*t = 22*t + 96. Let h(v) = -3*v - 18*v + 13*v + t. Give h(2).
-12
Let x(g) = g + 6. Let t = 3 - -2. Suppose d = -4*q - 4*d - 5, -t*d - 5 = 0. Suppose -3*j - 18 + 0 = q. What is x(j)?
0
Suppose 1309*z - 1311*z = -3*x + 19, 0 = -x + 4*z - 7. Let a(y) = y. Let t(q) = 6*q - 20. Let d(g) = 4*a(g) - t(g). Determine d(x).
2
Let b = 55 + -53. Let s(q) = 2*q**3 - 83 - 3*q**2 - 2*q**2 + 3*q**2 - b*q + 84. Let j = 19 + -17. Determine s(j).
5
Let h(j) be the second derivative of j**4/4 + 22*j**3/3 - 6*j**2 - j - 2300. Determine h(-15).
3
Let v(t) be the second derivative of t**5/20 + t**4/6 - t**3/2 - t**2 - 428*t + 2. Calculate v(-5).
-62
Suppose 25275 = -33*j + 25341. Let d(n) = n + 2. Let y be d(0). Let t(i) = 2*i**y + 1 - i**j - 4 + 2*i - 3*i. Determine t(4).
9
Let o be 24/(10/(8 + -3)) + -5. Let b be (588/7)/o + -4. Let p(l) = -5*l + 12. Determine p(b).
-28
Let g(k) = 12*k - 10. Let c(d) = -8*d + 9. Let q(s) = -10*s + 116. Let o be q(12). Let u(r) = o*g(r) - 5*c(r). Determine u(-3).
19
Let m(l) be the second derivative of -l**5/20 + 5*l**4/12 + 4*l**3 + 7*l**2/2 + 28*l - 70. Give m(8).
7
Let q(m) = -35*m**2 - 10*m - 203. Let i(v) = 76*v**2 + 22*v + 407. Let n(c) = -6*i(c) - 13*q(c). Calculate n(-15).
2
Let x(p) = -3*p + 7. Let z(h) = 3*h**3 - 2*h + 2. Suppose -3*a = 2 + 4, 4*a = 3*u - 11. Let q be z(u). Suppose 4*j + l = -j + 28, q*j + 2*l = 21. What is x(j)?
-8
Let k = 138 + -137. Let c(u) = -u + 1. Let i(y) = -9*y - 4. Let o(m) = -3*c(m) - i(m). Determine o(k).
13
Let y(h) = -h - 3. Suppose 0 = 4*c + 42 - 38. Let w be 26*c + (-3)/(-1). Let g = 20 + w. Calculate y(g).
0
Let u(h) be the second derivative of -h**5/20 - 5*h**4/6 - h**3/2 + 30*h**2 + 5610*h. What is u(-9)?
6
Let p(r) = -9*r**2 - 7*r - 22. Let u(n) = 4*n**2 + 2*n + 10. Let s(m) = 2*p(m) + 5*u(m). Give s(3).
12
Let w(p) = -p**3 - 13*p**2 + 15*p + 13. Let c be w(-14). Let m(u) be the first derivative of 7*u**2 + 222. Give m(c).
-14
Let d(i) = -i**3 + 4*i**2 - 3. Let w be d(-5). Let a = 229 - w. Let k(f) = 3*f + 4. Give k(a).
25
Let d = 45 + -32. Let p(j) be the first derivative of j**2 + 12 + j + 18 - d. Calculate p(4).
9
Let f be (-6 - (-36)/15) + 3/5. Let z(a) = -10*a - 21. Determine z(f).
9
Let g(i) be the second derivative of -i**3/6 + i**2 + i. Let f(a) = -a**3 - 7*a**2 + a + 15. Suppose 5*n + 6*n = -77. Let t be f(n). Determine g(t).
-6
Let f(a) = 81 - 42 - 38. Let j(y) = 8*y - 48. Let z(r) = -3*f(r) + j(r). Let o be z(7). Let u(t) = t**3 - 5*t**2 + 2*t + 5. Calculate u(o).
15
Let c(n) = -n**2 - 4*n + 4. Let s = 249 - 121. Suppose 0*m = -4*m + s. Let x = -36 + m. Determine c(x).
4
Let j(p) = p**3 - 7*p**2 + 6. Let t(h) = 2*h**3 + 33*h**2 - 15*h + 36. Let s be t(-17). Suppose 17 = 2*a - s*z + 1, -2*z = 5*a - 33. What is j(a)?
6
Suppose -219 = -j - 518. Let k = j - -299. Let l(o) = -o + 8. Give l(k).
8
Let r be (10/30)/(3/(-45)). Let j(u) = u**3 + 13*u**2 - 12*u + 14. Let x(k) = -k**3 - 14*k**2 + 13*k - 15. Let v(t) = r*j(t) - 4*x(t). Determine v(-10).
10
Let a(u) = u + 7. Suppose -s = 10*s + 2453. Let n = s + 211. Determine a(n).
-5
Let q = -173 - -196. Suppose -28*g + q*g = 20. Let t(j) = -j**3 - 3*j**2 + 2*j - 5. Give t(g).
3
Let l(c) = -2*c + 2387*c**2 - 4778*c**2 - 7*c**3 - 1 + 2391*c**2. Give l(-1).
8
Let o(k) be the second derivative of k**3/3 + 11*k**2/2 + 46561*k. Let i be 270/(-33) - (-2)/11. What is o(i)?
-5
Let l(t) = 3*t**2 - 7*t + 9. Suppose -23*a + 29 = -63. What is l(a)?
29
Let j be (-5 - 2)*(2 + -1). Let b(o) = -5*o**2 + 11*o. Let l(q) = -52*q - 1 - 9*q**2 - 32*q + 105*q. Let g(x) = j*b(x) + 4*l(x). Give g(4).
8
Let j(s) = 104*s + 115*s + 108*s + 4 + 114*s - 442*s - s**2. Calculate j(2).
-2
Let z(g) = -g**3 + 7*g**2 + 6. Let w = -66 + 80. Suppose 0 = -22*x + w*x + 56. Give z(x).
6
Let w(p) = p**2 - 37*p - 87. Let c(d) = -d**3 - 19*d**2 + 2*d + 77. Let a be c(-19). Give w(a).
-9
Suppose -5*t + 2 = h, 8*h + 7 = 4*h - 5*t. Let p be -2 + (-16)/(-4) + h + 3. Let w(n) = 0*n + 26 - 6 - p*n - 8. What is w(9)?
-6
Let i(v) = v + 13. Let h be ((-1)/(-2))/(1*6/1320). Let o = 93 - h. What is i(o)?
-4
Let q be ((10 + -11)/((-12)/30))/((-10)/(-24)). Let w(h) be the third derivative of 5*h**2 + 0*h**3 + 0*h + 0 - 1/4*h**4 + 1/60*h**5. Determine w(q).
0
Let a(j) = 8*j**2 - j. Let d be a(1). Suppose -3*b + 18 = 3*o, 5*b - d - 9 = 2*o. Let p(u) = -1 - 69*u - 4 + 1 + 3 + 68*u. Determine p(o).
-3
Suppose 0 = 5*x - 94 + 74. Let v(u) = -3*u**2 + 8*u